{"id":630,"date":"2016-03-01T13:22:05","date_gmt":"2016-03-01T12:22:05","guid":{"rendered":"http:\/\/ibtherapeutics.com\/?page_id=630"},"modified":"2026-02-19T11:44:12","modified_gmt":"2026-02-19T10:44:12","slug":"agenda","status":"publish","type":"page","link":"https:\/\/ibtherapeutics.com\/sv\/investerare\/agenda\/","title":{"rendered":"Kalendarium"},"content":{"rendered":"<h1>2026<\/h1>\n<h2>6 februari 2026, kl 07:30<\/h2>\n<p>Bokslutskommunik\u00e9 jan-dec 2025<\/p>\n<h2>27 Mars 2026, kl 07:30<\/h2>\n<p>\u00c5rsredovisning 2025<\/p>\n<h2>6 maj 2026, kl 14:00<\/h2>\n<p>Del\u00e5rsrapport jan-mar 2026<\/p>\n<h2>7 maj 2026, kl 16:00<\/h2>\n<p>\u00c5rsst\u00e4mma 2026<\/p>\n<h2>26 augusti 2026, kl 07:30<\/h2>\n<p>Del\u00e5rsrapport apr-jun 2026<\/p>\n<h2>13 november 2026, kl 07:30<\/h2>\n<p>Del\u00e5rsrapport jul-sep 2026<\/p>\n<h1>2025<\/h1>\n<h2>13 februari 2025, kl 08:30<\/h2>\n<p>Bokslutskommunik\u00e9 january &#8211; december 2024<\/p>\n<h2>Mars 2025<\/h2>\n<p>\u00c5rsredovisning 2024<\/p>\n<h2>7 maj 2025, kl 14:30<\/h2>\n<p>Del\u00e5rsrapport januari-mars 2025<\/p>\n<h2>8 maj 2025 kl 16:00-18:00<\/h2>\n<p>\u00c5rsst\u00e4mma IBT<\/p>\n<h2>20 augusti 2025, kl 08:30<\/h2>\n<p>Del\u00e5rsrapport april-juni 2025<\/p>\n<h2>13 november 2025<\/h2>\n<p>Del\u00e5rsrapport juli-september 2025<\/p>\n<h1>2024<\/h1>\n<h2>8 februari 2024<\/h2>\n<p>Bokslutskommunik\u00e9 2023<\/p>\n<h2>7 maj 2024 kl 16:00<\/h2>\n<p>Del\u00e5rsrapport januari \u2013 mars 2024<\/p>\n<h2>8 maj 2024<\/h2>\n<p>\u00c5rsst\u00e4mma 2024<\/p>\n<h2>28 augusti 2024 kl 08:30<\/h2>\n<p>Del\u00e5rsrapport januari \u2013 juni 2024<\/p>\n<h2>14 november 2024 kl 08:30<\/h2>\n<p>Del\u00e5rsrapport juli &#8211; september 2024<\/p>\n<h1>2023<\/h1>\n<h2>10 februari 2023<\/h2>\n<p>Bokslutskommunik\u00e9 2022<\/p>\n<h2>8 maj 2023<\/h2>\n<p>Del\u00e5rsrapport kvartal 1<\/p>\n<h2>8 maj 2023<\/h2>\n<p>\u00c5rsst\u00e4mma<\/p>\n<h2>25 augusti 2023<\/h2>\n<p>Del\u00e5rsrapport\u00a0kvartal 2<\/p>\n<h2>10 november 2023<\/h2>\n<p>Del\u00e5rsrapport\u00a0kvartal 3<\/p>\n<h1>2022<\/h1>\n<h2>19 januari 2022<\/h2>\n<p>SEB Healthcare Seminar 2022<\/p>\n<h2>4 februari 2022<\/h2>\n<p>Bokslutskommunik\u00e9 januari-december 2021<\/p>\n<h2>15-17 mars 2022<\/h2>\n<p>Carnegie Healthcare Seminar 2022<\/p>\n<h2>mars 2022<\/h2>\n<p>\u00c5rsredovisning 2021<\/p>\n<h2>21-25 april 2022<\/h2>\n<p>Pediatric Academic Societies Meeting<\/p>\n<h2>4 maj 2022<\/h2>\n<p>Del\u00e5rsrapport januari-mars 2022<\/p>\n<p>\u00c5rsst\u00e4mma 2022<\/p>\n<h2>8-9 juni 2022<\/h2>\n<p>Handelsbanken Nordic Mid \/ Small Cap Seminar 2022<\/p>\n<h2>6-7 juli 2022<\/h2>\n<p>Microbiome Connect Europe 2022<\/p>\n<h2>25 augusti 2022<\/h2>\n<p>Del\u00e5rsrapport januari-juni 2022<\/p>\n<div>\n<h2>7-8 september 2022<\/h2>\n<\/div>\n<div>Pareto Securities&#8217; Healthcare Conference<\/div>\n<h2>10 november 2022<\/h2>\n<p>Del\u00e5rsrapport januari-september 2022<\/p>\n<h1>2021<\/h1>\n<h2><em>20 januari 2021<\/em><\/h2>\n<p>SEB Healthcare Seminar 2021<\/p>\n<h2><em>5 februari 2021<\/em><\/h2>\n<p>Bokslutskommunik\u00e9 2020, 08.00 CET<\/p>\n<h2><em>11 mars 2021 <\/em><\/h2>\n<p>Carnegie Nordic Virtual Healthcare Seminar<\/p>\n<h2><em>Vecka 14 2021<\/em><\/h2>\n<p>\u00c5rsredovisning 2020<\/p>\n<h2><em>28 april 2021<\/em><\/h2>\n<p>Redeye Orphan Drugs Seminar<\/p>\n<h2><em>1-4 maj 2021<\/em><\/h2>\n<p>Pediatric Academic Societies Meeting<\/p>\n<h2><em>4 maj 2021<\/em><\/h2>\n<p>\u00c5rst\u00e4mma f\u00f6r IBT. Sista datum att beg\u00e4ra att f\u00e5 \u00e4rende behandlat p\u00e5 \u00e5rsst\u00e4mman \u00e4r 10 april 2021.<\/p>\n<p>Del\u00e5rsrapport januari-mars 2021, kl 08.00 CET<\/p>\n<h2><em>25 maj 2021<\/em><\/h2>\n<p>ABG Life Science Day<\/p>\n<h2><\/h2>\n<h2><em>2 juni 2021<\/em><\/h2>\n<p>Handelsbanken Nordic Mid \/ Small Cap Seminar 2021<\/p>\n<h2><\/h2>\n<h2><em>13 augusti 2021<\/em><\/h2>\n<p>Del\u00e5rsrapport januari-juni 2021, 08.00 CET<\/p>\n<h2><\/h2>\n<h2><em>2 september 2021<\/em><\/h2>\n<p>Pareto Healthcare Seminar<\/p>\n<h2><em>30 september 2021<\/em><\/h2>\n<p>Erik Penser Bank Temadag S\u00e4rl\u00e4kelmedel<\/p>\n<h2><em>29 oktober 2021<\/em><\/h2>\n<p>Del\u00e5rsrapport januari-september 2021, 08.00 CET<\/p>\n<h2><\/h2>\n<h1>2020<\/h1>\n<h2><em>7-8 JANUARY 2020<\/em><\/h2>\n<p>SEB Nordic Seminar, Copenhagen<\/p>\n<h2><em>22 JANUARI 2020<\/em><\/h2>\n<p>SEB Pharma &amp; Biotech Seminar, Stockholm<\/p>\n<h2><em>11 februari 2020<\/em><\/h2>\n<p>Bokslutskommunik\u00e9 2019, 08.00 CET<\/p>\n<h2><em>3 MARS 2020<\/em><\/h2>\n<p>Carnegie Nordic Healthcare Seminar, Stockholm<\/p>\n<h2><em>Vecka 14 2020<\/em><\/h2>\n<p>\u00c5rsredovisning 2019<\/p>\n<h2><em>11 maj 2020<\/em><\/h2>\n<p>Del\u00e5rsrapport januari-mars 2020, kl 16.00 CET<\/p>\n<h2><em>16 juni 2020<\/em><\/h2>\n<p>\u00c5rst\u00e4mma 2019. Sista datum att beg\u00e4ra att f\u00e5 \u00e4rende behandlat p\u00e5 \u00e5rsst\u00e4mman \u00e4r 1 april 2020.<\/p>\n<h2><em>14 augusti 2020<\/em><\/h2>\n<p>Del\u00e5rsrapport januari-juni 2020, 08.00 CET<\/p>\n<h2><em>2-3 september 2020<\/em><\/h2>\n<p>Pareto Securities&#8217; Healthcare Conference<\/p>\n<h2><em>5 NOVEMBER 2020<\/em><\/h2>\n<p>Del\u00e5rsrapport januari-september 2020, 08.00 CET<\/p>\n<h1>2019<\/h1>\n<h2><em>8 februari 2019<\/em><\/h2>\n<p>Bokslutskommunik\u00e9 2018, 08.00 CET<\/p>\n<h2><em>27 mars 2019<\/em><\/h2>\n<p>Stifel Nordic Day, London<\/p>\n<h2><em>4 april 2019<\/em><\/h2>\n<p>\u00c5rsredovisning 2018<\/p>\n<h2><em>6 maj 2019<\/em><\/h2>\n<p>Del\u00e5rsrapport januari-mars 2019<\/p>\n<p>\u00c5rst\u00e4mma f\u00f6r IBT kommer att h\u00e5llas den 6 maj 2019 kl 15.00 i\u00a0Svenska L\u00e4kares\u00e4llskapet lokaler p\u00e5 Klara \u00d6stra Kyrkogata 10, Stockholm.\u00a0Sista datum att beg\u00e4ra att f\u00e5 \u00e4rende behandlat p\u00e5 \u00e5rsst\u00e4mman \u00e4r 1 april 2019.<\/p>\n<h2><em>2-5 juni 2019<\/em><\/h2>\n<p>NEC Society Symposium, Ann Arbor, Michigan<\/p>\n<h2><em>21 augusti 2019<\/em><\/h2>\n<p>Del\u00e5rsrapport januari-juni 2019, 08.00 CET<\/p>\n<h2><em>7 november 2019<\/em><\/h2>\n<p>Del\u00e5rsrapport januari-september 2019, 08.00 CET<\/p>\n<h2><em>20-21 november 2019<\/em><\/h2>\n<p>Jefferies 2019 London Healthcare Conference<\/p>\n<h2><em>25-26 november 2019<\/em><\/h2>\n<p>Nordea Innovation Seminar, Stockholm<\/p>\n<h2>2018<\/h2>\n<h2><em>28 februari 2018<\/em><\/h2>\n<p>Bokslutskommunik\u00e9 2017<\/p>\n<h2><em>15 mars 2018<\/em><\/h2>\n<p>Carnegie Nordic Healthcare Seminar 2018, Stockholm<\/p>\n<h2><em>12 april 2018<\/em><\/h2>\n<p>\u00c5rsredovisning 2017<\/p>\n<h2><em>15 maj 2018<\/em><\/h2>\n<p>Del\u00e5rsrapport januari-mars 2018<\/p>\n<p>\u00c5rsst\u00e4mma f\u00f6r IBT kommer att h\u00e5llas den 15 maj 2018 kl 15.00 i Citykonferensen Ingenj\u00f6rshuset, Malmskillnadsgatan 46, Stockholm. Sista datum att beg\u00e4ra att f\u00e5 \u00e4rende behandlat p\u00e5 \u00e5rsst\u00e4mman \u00e4r 28 mars 2018.<\/p>\n<h2><em>16 augusti 2018\u00a0<\/em><\/h2>\n<p>Del\u00e5rsrapport januari-juni 2018<\/p>\n<h2><em>6 september 2018<\/em><\/h2>\n<p>Pareto Securities Health Care Conference, Stockholm<\/p>\n<h2><em>14 november 2018<\/em><\/h2>\n<p>Del\u00e5rsrapport januari-september 2018<\/p>\n<h2><em>27 november 2018<\/em><\/h2>\n<p class=\"title\">Nordea Tech &amp; Medtech Seminar, Stockholm<\/p>\n<h2><em>29 november\u00a02018<\/em><\/h2>\n<p>Nordic-American Life Science Conference, New York<\/p>\n<div class=\"column\">\n<h2><span class=\"\">\u00a0<br class=\"\" \/><\/span>2017<\/h2>\n<\/div>\n<h2><em>april 2017<\/em><\/h2>\n<p class=\"p1\">\u00c5rsredovisning\u00a02016<\/p>\n<h2><em>maj 4, 2017<\/em><\/h2>\n<p>\u00c5rsst\u00e4mma h\u00e5lls torsdagen den 4 maj 2017 kl. 14.00 i Citykonferensen Ingenj\u00f6rshuset, Malmskillnadsgatan 46, Stockholm.<\/p>\n<p>Del\u00e5rsrapport januari-mars 2017<\/p>\n<h2><em>augusti 28, 2017<\/em><\/h2>\n<p>Del\u00e5rsrapport januari-juni\u00a02017<\/p>\n<h2><em>september 7, 2017<\/em><\/h2>\n<p>Pareto Securities 8:e \u00e5rliga h\u00e4lsov\u00e5rdsseminarium i Stockholm<\/p>\n<h2><em>september 8, 2017<\/em><\/h2>\n<h3>Kapitalmarknadsdag<\/h3>\n<p>Infant Bacterial Therapeutics har n\u00f6jet att bjuda in investerare, analytiker och media att delta i v\u00e5r kapitalmarknadsdag i Stockholm den 8 september 2017.\u00a0Arrangemanget \u00e4ger rum p\u00e5 Svenska L\u00e4kares\u00e4llskapet, Klara \u00d6stra Kyrkogata 10, Stockholm mellan kl. 9.30 och kl. 12.00.<\/p>\n<p>Syftet med kapitalmarknadsdagen \u00e4r att presentera Infant Bacterial Therapeutics verksamhet, sjukdomen necrotiserande enterocolit, IBP-9414-projektet, gastroschisis och IBP-1016-projektet.<\/p>\n<h2><em>november 23, 2017<\/em><\/h2>\n<p>Del\u00e5rsrapport januari-september 2017<\/p>\n","protected":false},"excerpt":{"rendered":"<p>2026 6 februari 2026, kl 07:30 Bokslutskommunik\u00e9 jan-dec 2025 27 Mars 2026, kl 07:30 \u00c5rsredovisning 2025 6 maj 2026, kl 14:00 Del\u00e5rsrapport jan-mar 2026 7 maj 2026, kl 16:00 \u00c5rsst\u00e4mma 2026 26 augusti 2026, kl 07:30 Del\u00e5rsrapport apr-jun 2026 13 november 2026, kl 07:30 Del\u00e5rsrapport jul-sep 2026 2025 13 februari 2025, kl 08:30 Bokslutskommunik\u00e9 january [&hellip;]<\/p>\n","protected":false},"author":1,"featured_media":0,"parent":622,"menu_order":43,"comment_status":"open","ping_status":"closed","template":"","meta":{"footnotes":""},"_links":{"self":[{"href":"https:\/\/ibtherapeutics.com\/sv\/wp-json\/wp\/v2\/pages\/630"}],"collection":[{"href":"https:\/\/ibtherapeutics.com\/sv\/wp-json\/wp\/v2\/pages"}],"about":[{"href":"https:\/\/ibtherapeutics.com\/sv\/wp-json\/wp\/v2\/types\/page"}],"author":[{"embeddable":true,"href":"https:\/\/ibtherapeutics.com\/sv\/wp-json\/wp\/v2\/users\/1"}],"replies":[{"embeddable":true,"href":"https:\/\/ibtherapeutics.com\/sv\/wp-json\/wp\/v2\/comments?post=630"}],"version-history":[{"count":88,"href":"https:\/\/ibtherapeutics.com\/sv\/wp-json\/wp\/v2\/pages\/630\/revisions"}],"predecessor-version":[{"id":4391,"href":"https:\/\/ibtherapeutics.com\/sv\/wp-json\/wp\/v2\/pages\/630\/revisions\/4391"}],"up":[{"embeddable":true,"href":"https:\/\/ibtherapeutics.com\/sv\/wp-json\/wp\/v2\/pages\/622"}],"wp:attachment":[{"href":"https:\/\/ibtherapeutics.com\/sv\/wp-json\/wp\/v2\/media?parent=630"}],"curies":[{"name":"wp","href":"https:\/\/api.w.org\/{rel}","templated":true}]}}

<h1>2026</h1>
<h2>6 februari 2026, kl 07:30</h2>
<p>Bokslutskommuniké jan-dec 2025</p>
<h2>27 Mars 2026, kl 07:30</h2>
<p>Årsredovisning 2025</p>
<h2>6 maj 2026, kl 14:00</h2>
<p>Delårsrapport jan-mar 2026</p>
<h2>7 maj 2026, kl 16:00</h2>
<p>Årsstämma 2026</p>
<h2>26 augusti 2026, kl 07:30</h2>
<p>Delårsrapport apr-jun 2026</p>
<h2>13 november 2026, kl 07:30</h2>
<p>Delårsrapport jul-sep 2026</p>
<h1>2025</h1>
<h2>13 februari 2025, kl 08:30</h2>
<p>Bokslutskommuniké january &#8211; december 2024</p>
<h2>Mars 2025</h2>
<p>Årsredovisning 2024</p>
<h2>7 maj 2025, kl 14:30</h2>
<p>Delårsrapport januari-mars 2025</p>
<h2>8 maj 2025 kl 16:00-18:00</h2>
<p>Årsstämma IBT</p>
<h2>20 augusti 2025, kl 08:30</h2>
<p>Delårsrapport april-juni 2025</p>
<h2>13 november 2025</h2>
<p>Delårsrapport juli-september 2025</p>
<h1>2024</h1>
<h2>8 februari 2024</h2>
<p>Bokslutskommuniké 2023</p>
<h2>7 maj 2024 kl 16:00</h2>
<p>Delårsrapport januari – mars 2024</p>
<h2>8 maj 2024</h2>
<p>Årsstämma 2024</p>
<h2>28 augusti 2024 kl 08:30</h2>
<p>Delårsrapport januari – juni 2024</p>
<h2>14 november 2024 kl 08:30</h2>
<p>Delårsrapport juli &#8211; september 2024</p>
<h1>2023</h1>
<h2>10 februari 2023</h2>
<p>Bokslutskommuniké 2022</p>
<h2>8 maj 2023</h2>
<p>Delårsrapport kvartal 1</p>
<h2>8 maj 2023</h2>
<p>Årsstämma</p>
<h2>25 augusti 2023</h2>
<p>Delårsrapport kvartal 2</p>
<h2>10 november 2023</h2>
<p>Delårsrapport kvartal 3</p>
<h1>2022</h1>
<h2>19 januari 2022</h2>
<p>SEB Healthcare Seminar 2022</p>
<h2>4 februari 2022</h2>
<p>Bokslutskommuniké januari-december 2021</p>
<h2>15-17 mars 2022</h2>
<p>Carnegie Healthcare Seminar 2022</p>
<h2>mars 2022</h2>
<p>Årsredovisning 2021</p>
<h2>21-25 april 2022</h2>
<p>Pediatric Academic Societies Meeting</p>
<h2>4 maj 2022</h2>
<p>Delårsrapport januari-mars 2022</p>
<p>Årsstämma 2022</p>
<h2>8-9 juni 2022</h2>
<p>Handelsbanken Nordic Mid / Small Cap Seminar 2022</p>
<h2>6-7 juli 2022</h2>
<p>Microbiome Connect Europe 2022</p>
<h2>25 augusti 2022</h2>
<p>Delårsrapport januari-juni 2022</p>
<div>
<h2>7-8 september 2022</h2>
</div>
<div>Pareto Securities&#8217; Healthcare Conference</div>
<h2>10 november 2022</h2>
<p>Delårsrapport januari-september 2022</p>
<h1>2021</h1>
<h2><em>20 januari 2021</em></h2>
<p>SEB Healthcare Seminar 2021</p>
<h2><em>5 februari 2021</em></h2>
<p>Bokslutskommuniké 2020, 08.00 CET</p>
<h2><em>11 mars 2021 </em></h2>
<p>Carnegie Nordic Virtual Healthcare Seminar</p>
<h2><em>Vecka 14 2021</em></h2>
<p>Årsredovisning 2020</p>
<h2><em>28 april 2021</em></h2>
<p>Redeye Orphan Drugs Seminar</p>
<h2><em>1-4 maj 2021</em></h2>
<p>Pediatric Academic Societies Meeting</p>
<h2><em>4 maj 2021</em></h2>
<p>Årstämma för IBT. Sista datum att begära att få ärende behandlat på årsstämman är 10 april 2021.</p>
<p>Delårsrapport januari-mars 2021, kl 08.00 CET</p>
<h2><em>25 maj 2021</em></h2>
<p>ABG Life Science Day</p>
<h2></h2>
<h2><em>2 juni 2021</em></h2>
<p>Handelsbanken Nordic Mid / Small Cap Seminar 2021</p>
<h2></h2>
<h2><em>13 augusti 2021</em></h2>
<p>Delårsrapport januari-juni 2021, 08.00 CET</p>
<h2></h2>
<h2><em>2 september 2021</em></h2>
<p>Pareto Healthcare Seminar</p>
<h2><em>30 september 2021</em></h2>
<p>Erik Penser Bank Temadag Särläkelmedel</p>
<h2><em>29 oktober 2021</em></h2>
<p>Delårsrapport januari-september 2021, 08.00 CET</p>
<h2></h2>
<h1>2020</h1>
<h2><em>7-8 JANUARY 2020</em></h2>
<p>SEB Nordic Seminar, Copenhagen</p>
<h2><em>22 JANUARI 2020</em></h2>
<p>SEB Pharma &amp; Biotech Seminar, Stockholm</p>
<h2><em>11 februari 2020</em></h2>
<p>Bokslutskommuniké 2019, 08.00 CET</p>
<h2><em>3 MARS 2020</em></h2>
<p>Carnegie Nordic Healthcare Seminar, Stockholm</p>
<h2><em>Vecka 14 2020</em></h2>
<p>Årsredovisning 2019</p>
<h2><em>11 maj 2020</em></h2>
<p>Delårsrapport januari-mars 2020, kl 16.00 CET</p>
<h2><em>16 juni 2020</em></h2>
<p>Årstämma 2019. Sista datum att begära att få ärende behandlat på årsstämman är 1 april 2020.</p>
<h2><em>14 augusti 2020</em></h2>
<p>Delårsrapport januari-juni 2020, 08.00 CET</p>
<h2><em>2-3 september 2020</em></h2>
<p>Pareto Securities&#8217; Healthcare Conference</p>
<h2><em>5 NOVEMBER 2020</em></h2>
<p>Delårsrapport januari-september 2020, 08.00 CET</p>
<h1>2019</h1>
<h2><em>8 februari 2019</em></h2>
<p>Bokslutskommuniké 2018, 08.00 CET</p>
<h2><em>27 mars 2019</em></h2>
<p>Stifel Nordic Day, London</p>
<h2><em>4 april 2019</em></h2>
<p>Årsredovisning 2018</p>
<h2><em>6 maj 2019</em></h2>
<p>Delårsrapport januari-mars 2019</p>
<p>Årstämma för IBT kommer att hållas den 6 maj 2019 kl 15.00 i Svenska Läkaresällskapet lokaler på Klara Östra Kyrkogata 10, Stockholm. Sista datum att begära att få ärende behandlat på årsstämman är 1 april 2019.</p>
<h2><em>2-5 juni 2019</em></h2>
<p>NEC Society Symposium, Ann Arbor, Michigan</p>
<h2><em>21 augusti 2019</em></h2>
<p>Delårsrapport januari-juni 2019, 08.00 CET</p>
<h2><em>7 november 2019</em></h2>
<p>Delårsrapport januari-september 2019, 08.00 CET</p>
<h2><em>20-21 november 2019</em></h2>
<p>Jefferies 2019 London Healthcare Conference</p>
<h2><em>25-26 november 2019</em></h2>
<p>Nordea Innovation Seminar, Stockholm</p>
<h2>2018</h2>
<h2><em>28 februari 2018</em></h2>
<p>Bokslutskommuniké 2017</p>
<h2><em>15 mars 2018</em></h2>
<p>Carnegie Nordic Healthcare Seminar 2018, Stockholm</p>
<h2><em>12 april 2018</em></h2>
<p>Årsredovisning 2017</p>
<h2><em>15 maj 2018</em></h2>
<p>Delårsrapport januari-mars 2018</p>
<p>Årsstämma för IBT kommer att hållas den 15 maj 2018 kl 15.00 i Citykonferensen Ingenjörshuset, Malmskillnadsgatan 46, Stockholm. Sista datum att begära att få ärende behandlat på årsstämman är 28 mars 2018.</p>
<h2><em>16 augusti 2018 </em></h2>
<p>Delårsrapport januari-juni 2018</p>
<h2><em>6 september 2018</em></h2>
<p>Pareto Securities Health Care Conference, Stockholm</p>
<h2><em>14 november 2018</em></h2>
<p>Delårsrapport januari-september 2018</p>
<h2><em>27 november 2018</em></h2>
<p class="title">Nordea Tech &amp; Medtech Seminar, Stockholm</p>
<h2><em>29 november 2018</em></h2>
<p>Nordic-American Life Science Conference, New York</p>
<div class="column">
<h2><span class=""> <br class="" /></span>2017</h2>
</div>
<h2><em>april 2017</em></h2>
<p class="p1">Årsredovisning 2016</p>
<h2><em>maj 4, 2017</em></h2>
<p>Årsstämma hålls torsdagen den 4 maj 2017 kl. 14.00 i Citykonferensen Ingenjörshuset, Malmskillnadsgatan 46, Stockholm.</p>
<p>Delårsrapport januari-mars 2017</p>
<h2><em>augusti 28, 2017</em></h2>
<p>Delårsrapport januari-juni 2017</p>
<h2><em>september 7, 2017</em></h2>
<p>Pareto Securities 8:e årliga hälsovårdsseminarium i Stockholm</p>
<h2><em>september 8, 2017</em></h2>
<h3>Kapitalmarknadsdag</h3>
<p>Infant Bacterial Therapeutics har nöjet att bjuda in investerare, analytiker och media att delta i vår kapitalmarknadsdag i Stockholm den 8 september 2017. Arrangemanget äger rum på Svenska Läkaresällskapet, Klara Östra Kyrkogata 10, Stockholm mellan kl. 9.30 och kl. 12.00.</p>
<p>Syftet med kapitalmarknadsdagen är att presentera Infant Bacterial Therapeutics verksamhet, sjukdomen necrotiserande enterocolit, IBP-9414-projektet, gastroschisis och IBP-1016-projektet.</p>
<h2><em>november 23, 2017</em></h2>
<p>Delårsrapport januari-september 2017</p>

<p>2026 6 februari 2026, kl 07:30 Bokslutskommuniké jan-dec 2025 27 Mars 2026, kl 07:30 Årsredovisning 2025 6 maj 2026, kl 14:00 Delårsrapport jan-mar 2026 7 maj 2026, kl 16:00 Årsstämma 2026 26 augusti 2026, kl 07:30 Delårsrapport apr-jun 2026 13 november 2026, kl 07:30 Delårsrapport jul-sep 2026 2025 13 februari 2025, kl 08:30 Bokslutskommuniké january [&hellip;]</p>
